 the remainder when 47 is divided by 41.
6
Calculate the remainder when 33439 is divided by 304.
303
Calculate the remainder when 955 is divided by 27.
10
What is the remainder when 199 is divided by 14?
3
Calculate the remainder when 764 is divided by 390.
374
Calculate the remainder when 50 is divided by 24.
2
What is the remainder when 465 is divided by 228?
9
What is the remainder when 1223 is divided by 51?
50
Calculate the remainder when 1531 is divided by 43.
26
Calculate the remainder when 589 is divided by 59.
58
What is the remainder when 90 is divided by 21?
6
What is the remainder when 242 is divided by 185?
57
Calculate the remainder when 98 is divided by 10.
8
What is the remainder when 1183 is divided by 34?
27
What is the remainder when 252 is divided by 16?
12
What is the remainder when 1130 is divided by 279?
14
Calculate the remainder when 869 is divided by 174.
173
What is the remainder when 131 is divided by 27?
23
What is the remainder when 60 is divided by 31?
29
Calculate the remainder when 279 is divided by 73.
60
What is the remainder when 455 is divided by 24?
23
What is the remainder when 469 is divided by 65?
14
What is the remainder when 1564 is divided by 58?
56
Calculate the remainder when 691 is divided by 216.
43
Calculate the remainder when 44 is divided by 4.
0
What is the remainder when 682 is divided by 114?
112
What is the remainder when 459 is divided by 92?
91
Calculate the remainder when 740 is divided by 57.
56
Calculate the remainder when 154 is divided by 6.
4
What is the remainder when 204 is divided by 27?
15
What is the remainder when 3470 is divided by 139?
134
What is the remainder when 524 is divided by 24?
20
Calculate the remainder when 268 is divided by 27.
25
Calculate the remainder when 178 is divided by 9.
7
What is the remainder when 55 is divided by 22?
11
Calculate the remainder when 526 is divided by 16.
14
What is the remainder when 106 is divided by 6?
4
What is the remainder when 302 is divided by 7?
1
Calculate the remainder when 864 is divided by 58.
52
What is the remainder when 328 is divided by 47?
46
What is the remainder when 297 is divided by 4?
1
Calculate the remainder when 1324 is divided by 499.
326
Calculate the remainder when 639 is divided by 51.
27
What is the remainder when 37354 is divided by 12449?
7
What is the remainder when 80 is divided by 32?
16
What is the remainder when 133 is divided by 69?
64
Calculate the remainder when 77 is divided by 59.
18
Calculate the remainder when 106 is divided by 4.
2
Calculate the remainder when 945 is divided by 38.
33
What is the remainder when 663 is divided by 19?
17
Calculate the remainder when 727 is divided by 18.
7
Calculate the remainder when 8089 is divided by 10.
9
Calculate the remainder when 490 is divided by 87.
55
What is the remainder when 959 is divided by 105?
14
Calculate the remainder when 338 is divided by 101.
35
Calculate the remainder when 286 is divided by 86.
28
Calculate the remainder when 1347 is divided by 50.
47
What is the remainder when 325 is divided by 67?
57
Calculate the remainder when 402 is divided by 14.
10
What is the remainder when 206 is divided by 19?
16
What is the remainder when 172 is divided by 58?
56
Calculate the remainder when 288 is divided by 95.
3
Calculate the remainder when 89 is divided by 33.
23
What is the remainder when 101 is divided by 25?
1
What is the remainder when 7017 is divided by 65?
62
Calculate the remainder when 34 is divided by 32.
2
What is the remainder when 1726 is divided by 190?
16
Calculate the remainder when 27 is divided by 9.
0
What is the remainder when 2701 is divided by 17?
15
What is the remainder when 1626 is divided by 199?
34
What is the remainder when 505 is divided by 22?
21
What is the remainder when 518 is divided by 52?
50
What is the remainder when 3276 is divided by 19?
8
Calculate the remainder when 119 is divided by 31.
26
What is the remainder when 17 is divided by 17?
0
What is the remainder when 2051 is divided by 18?
17
What is the remainder when 117 is divided by 30?
27
What is the remainder when 1327 is divided by 10?
7
What is the remainder when 2172 is divided by 200?
172
Calculate the remainder when 269 is divided by 79.
32
What is the remainder when 120 is divided by 8?
0
What is the remainder when 81 is divided by 36?
9
What is the remainder when 3376 is divided by 49?
44
What is the remainder when 515 is divided by 40?
35
What is the remainder when 2498 is divided by 22?
12
What is the remainder when 17 is divided by 17?
0
What is the remainder when 503 is divided by 140?
83
Calculate the remainder when 934 is divided by 442.
50
What is the remainder when 229 is divided by 8?
5
What is the remainder when 819 is divided by 82?
81
Calculate the remainder when 244 is divided by 106.
32
What is the remainder when 265 is divided by 91?
83
Calculate the remainder when 12968 is divided by 282.
278
What is the remainder when 2 is divided by 1?
0
Calculate the remainder when 1038 is divided by 13.
11
Calculate the remainder when 546 is divided by 92.
86
What is the remainder when 110 is divided by 29?
23
Calculate the remainder when 166 is divided by 44.
34
Calculate the remainder when 573 is divided by 36.
33
Calculate the remainder when 275 is divided by 23.
22
What is the remainder when 387 is divided by 82?
59
Calculate the remainder when 12 is divided by 7.
5
Calculate the remainder when 816 is divided by 107.
67
Calculate the remainder when 153 is divided by 34.
17
What is the remainder when 77 is divided by 33?
11
Calculate the remainder when 272 is divided by 69.
65
What is the remainder when 34 is divided by 13?
8
What is the remainder when 3289 is divided by 52?
13
Calculate the remainder when 2920 is divided by 23.
22
What is the remainder when 4993 is divided by 22?
21
What is the remainder when 306 is divided by 21?
12
Calculate the remainder when 27 is divided by 3.
0
What is the remainder when 219 is divided by 84?
51
What is the remainder when 169 is divided by 44?
37
What is the remainder when 882 is divided by 34?
32
Calculate the remainder when 320 is divided by 81.
77
Calculate the remainder when 416 is divided by 22.
20
Calculate the remainder when 1509 is divided by 63.
60
Calculate the remainder when 365 is divided by 41.
37
Calculate the remainder when 9789 is divided by 272.
269
Calculate the remainder when 3811 is divided by 159.
154
Calculate the remainder when 711 is divided by 14.
11
What is the remainder when 9250 is divided by 89?
83
What is the remainder when 1709 is divided by 123?
110
What is the remainder when 201 is divided by 43?
29
Calculate the remainder when 64 is divided by 3.
1
What is the remainder when 72 is divided by 27?
18
What is the remainder when 43 is divided by 18?
7
What is the remainder when 1037 is divided by 40?
37
What is the remainder when 723 is divided by 22?
19
What is the remainder when 72 is divided by 5?
2
Calculate the remainder when 421 is divided by 135.
16
Calculate the remainder when 328 is divided by 5.
3
Calculate the remainder when 2443 is divided by 90.
13
What is the remainder when 4598 is divided by 115?
113
Calculate the remainder when 216 is divided by 29.
13
What is the remainder when 315 is divided by 80?
75
Calculate the remainder when 1451 is divided by 11.
10
What is the remainder when 428 is divided by 43?
41
What is the remainder when 3494 is divided by 27?
11
What is the remainder when 22310 is divided by 37?
36
What is the remainder when 270 is divided by 49?
25
What is the remainder when 2941 is divided by 7?
1
What is the remainder when 308 is divided by 20?
8
Calculate the remainder when 66 is divided by 43.
23
What is the remainder when 7827 is divided by 30?
27
What is the remainder when 903 is divided by 101?
95
Calculate the remainder when 207 is divided by 34.
3
What is the remainder when 125 is divided by 43?
39
Calculate the remainder when 776 is divided by 17.
11
What is the remainder when 2075 is divided by 90?
5
Calculate the remainder when 969 is divided by 75.
69
Calculate the remainder when 389 is divided by 37.
19
Calculate the remainder when 464 is divided by 137.
53
What is the remainder when 77 is divided by 15?
2
Wha